6*h. What is the highest common factor of h and l?
25
Let j be 1*(0 - 0/(-1)). Suppose j = k + 2*b + 8, k = -3*k + 2*b + 18. Calculate the greatest common factor of k and 1.
1
Suppose 10*l = 6*l + 20. Calculate the greatest common factor of l and 30.
5
Let q be (-2)/6 + (-1416)/(-9). Suppose 3 = 4*v - q. What is the greatest common factor of 10 and v?
10
Let f be 332/(-8)*2/(-1). Let h = f + -32. Calculate the highest common factor of h and 17.
17
Let z be (-1 - 1) + 7 + -3. Suppose -z*p = -5*p + 3. What is the highest common divisor of 1 and p?
1
Let v = 1 + 3. Suppose -v*l = -2*n + 32, 2*n + 2*n = -2*l + 34. Let q be (12/n)/((-12)/(-30)). What is the highest common divisor of q and 21?
3
Suppose 5*j + 4*k = -0*k + 288, 120 = 2*j + 4*k. Suppose 4*v - 1 = 3*v. Suppose 17 = 2*b + v. Calculate the greatest common factor of b and j.
8
Let r be 15 - (-5*4)/4. What is the greatest common factor of 10 and r?
10
Let v = -9 - -3. Let c be -33*((-4)/v - 1). What is the highest common divisor of 99 and c?
11
Let z be (-30)/(5/2 - 3). Let j = -1 + 3. Suppose -g - 24 = -j*g. Calculate the highest common factor of z and g.
12
Let u(b) = -b**3 + 6*b**2 - 3*b - 4. Let x be u(3). What is the highest common divisor of x and 42?
14
Suppose h + 6 = 3*h + 3*b, -4*h - 20 = -2*b. Let v be 1/((-3)/99*h). Let x = 31 - v. What is the greatest common divisor of x and 10?
10
Let y = -90 - -94. Calculate the greatest common factor of 44 and y.
4
Let r be 5 + -1 + 0 + 0. Suppose -r*v = -2*v + 190. Let j = -50 - v. What is the highest common divisor of 18 and j?
9
Let f = -3 - -4. Let s = 10 + f. Let z = 5 - -50. Calculate the highest common divisor of z and s.
11
Let v = 379 - 145. Suppose h - 28 = -i, -3*h + i = -8*h + 132. Calculate the highest common factor of h and v.
26
Let i(a) = 46*a**2 - 4*a + 6. Let c be i(2). What is the greatest common factor of c and 26?
26
Suppose -5*m + m + 144 = 0. What is the greatest common factor of 8 and m?
4
Suppose 0 = -0*m + 4*m - 12. Suppose -2*j = m - 7. What is the highest common divisor of 1 and j?
1
Let d be 1/(5 + (-89)/18). Calculate the highest common divisor of 27 and d.
9
Let k be 1/(1 - (-8)/(-10)). What is the highest common factor of k and 45?
5
Let v(l) = 3*l + 8. Let x be v(5). Let w = 32 - x. What is the greatest common factor of w and 63?
9
Suppose -5*x + 5 = -85. Suppose 21*y - 45 = -2*i + 18*y, -3*y = -4*i + 63. Calculate the highest common factor of i and x.
18
Suppose -5*a = f - 43, 0*a - a = 4*f - 134. Let k = 45 + -23. Calculate the highest common divisor of f and k.
11
Let r = -1 - -5. Suppose r*a - 59 = 25. Let g be (-4)/(-2)*(-12)/(-8). What is the greatest common factor of a and g?
3
Let x(z) be the third derivative of 3*z**5/20 - z**4/6 + 5*z**3/6 - z**2. Let k be x(-4). Calculate the greatest common divisor of k and 15.
15
Let u(v) = v**3 + 9*v**2 - 2*v - 9. Let p be u(-9). Suppose -2*h + 6 = -30. Calculate the highest common factor of h and p.
9
Suppose 0 = 4*v - v - 81. Let f(o) = -o**3 - 6*o**2 - 7*o - 1. Let w be f(-5). Suppose 2*q - 27 = w. What is the highest common divisor of q and v?
9
Let i = -36 + 45. What is the greatest common factor of 90 and i?
9
Let q(s) = -2*s - 3. Let t be q(-3). Let o(x) = -x**3 + 5*x**2 + 8*x + 3. Let b be o(6). What is the highest common divisor of t and b?
3
Let y = 209 + -146. Calculate the greatest common divisor of y and 7.
7
Let n = 46 + 24. Calculate the highest common divisor of n and 14.
14
Suppose -334 = -2*o + 18. Calculate the highest common factor of o and 16.
16
Let t = 2 - 2. Suppose 0 = c - 2 - t. Suppose 0 = -2*z - 4*g + 4, 0 = 5*z - 12*g + 11*g - 43. Calculate the greatest common divisor of c and z.
2
Suppose -2*x - 6 = -5*x, j - 12 = -x. Calculate the highest common factor of j and 5.
5
Let w(d) = -d**2 + 12*d + 1. Let t be w(9). Suppose -z - 8 + 2 = 0. Let x = -2 - z. What is the highest common factor of x and t?
4
Suppose -d = -5, 2*r = -d - 0*d + 821. Let g be (3/(-2))/((-18)/r). Calculate the greatest common divisor of 17 and g.
17
Suppose -7*b + 10 = -2*b. Let k = -82 + 40. Let q = -24 - k. Calculate the greatest common divisor of b and q.
2
Let k be (1 + -4)/(21/(-1834)). Let q = -119 + k. Let g be 13/2*(-1 + 3). What is the greatest common divisor of q and g?
13
Let d(q) = -16*q - 12. Let t be d(-9). Calculate the highest common factor of t and 12.
12
Suppose a - 2*n - 33 = 25, 109 = 2*a + 3*n. Calculate the greatest common factor of a and 14.
14
Let q(o) = 2*o**3 - o**2 - 6*o + 2. Let h = -14 - -18. Let b be q(h). What is the highest common factor of 10 and b?
10
Let a(x) = -25*x - 17. Let z be a(-9). What is the greatest common factor of 13 and z?
13
Let a be ((-56)/6)/(1/(-9)). What is the greatest common factor of a and 56?
28
Let r(b) = b - 3. Let x be r(7). Let a be -10*(1/2)/(-1). Let n = a - x. Calculate the highest common factor of 8 and n.
1
Let g be (8/(-8))/(4/(-28)). What is the highest common divisor of g and 4?
1
Suppose -9 = -3*r, 5*r - 5 = -2*l + 12. Suppose -i + 41 = -l. Let o be 2/((12/21)/2). What is the highest common divisor of i and o?
7
Let c = -75 - -105. What is the highest common divisor of 75 and c?
15
Let p(f) = f**2 - f + 3. Let b be p(3). Let c be (2/5)/(b/540). Calculate the highest common divisor of c and 3.
3
Let g(x) = -x - 11. Let j be g(-14). Suppose -30 = j*l - 6*l. What is the highest common divisor of 10 and l?
10
Suppose -2*w - 20 = -4*l, -3*l + 16 = -4*w + 6. Suppose -4*o + 20 = 2*k, -k - 3*o - l = -3*k. What is the greatest common factor of k and 6?
6
Let c(k) = 6*k. Let i be c(-1). Let v be -4*((-111)/i - -3). Let z be v/(-18) - 4/(-18). Calculate the highest common divisor of z and 1.
1
Let p(g) = 5*g**2 + 4*g + 3. Suppose f + 29 = 5*a - 2*f, -3*f = -2*a + 17. Let j be p(a). Let r be 162/15 + 2/10. What is the highest common factor of j and r?
11
Let p = 47 + -30. Let n(o) = o**3 - o**2 + o + 17. Let z be n(0). What is the highest common factor of p and z?
17
Let n = 88 + 16. What is the highest common divisor of 13 and n?
13
Let d be 3*5/((-5)/(-6)). Let h be 144/64*2*8. What is the highest common factor of h and d?
18
Suppose 5*y + 0*y + 4 = -4*m, 3*m + 3 = 5*y. Let n = -1 - m. Suppose 0 = -n*s - s + 8. Calculate the highest common factor of s and 1.
1
Suppose 0 = -2*k + 6, 0 = -3*s - 0*k + 4*k - 3. Let b = 9 - 6. Suppose -b*u + 33 = p, 5*u = u + s*p + 57. Calculate the highest common divisor of u and 8.
4
Let z(m) = 7 - 5*m + 2*m**2 + 10*m - 4*m - m**3. Let l be z(3). Calculate the greatest common factor of 8 and l.
1
Suppose 0*y = 4*y - 36. Let j be ((-9)/(-2))/(y/120). Suppose 3*n + 108 = 5*b, -3*b + 5*n - 2*n = -j. What is the highest common factor of b and 6?
6
Let m = -5 - -7. Let v(t) = 0 - m - 3 - 11*t. Let c be v(-7). What is the highest common divisor of c and 48?
24
Let c = -95 - -159. Calculate the greatest common factor of c and 8.
8
Let m(r) = -r**3 + 9*r**2 + 13*r + 2. Let u be m(9). Suppose u + 629 = 4*b. Suppose -3*f + 38 = -b. Calculate the highest common factor of f and 30.
15
Let o be (82 - 0) + 5/5. Suppose 5*z - 82 = o. Suppose -5*t = 4*l - 44, 3*l + t = 6*t + z. Calculate the highest common divisor of l and 22.
11
Suppose 2*c = c + 4. Suppose 3*b - 9 = 2*b + c*p, 5*b - 2*p = 63. Calculate the highest common factor of b and 104.
13
Let o = 3 + 2. Suppose 3*c + 14 = o*c. What is the highest common divisor of 77 and c?
7
Suppose -5*k + 4*r = -75, -5*r + 19 = -6. Let p = k + -9. Let y(z) = z**3 + 8*z**2 + 4*z + 9. Let o be y(-7). Calculate the greatest common factor of p and o.
10
Let n(i) = -33*i + 1. Let a be n(-1). Suppose -2*o + 4*s = -20, o + 2*s - 12 + 2 = 0. Suppose 6*u + 68 = o*u. What is the highest common divisor of a and u?
17
Let c be 0 + 21/6*108/21. Calculate the greatest common divisor of 18 and c.
18
Let o(s) = -4*s - 4. Let d(g) = -5*g - 4. Let m(b) = 5*d(b) - 6*o(b). Let h be m(-4). What is the highest common divisor of h and 32?
8
Suppose 3*a - 6 = -3*h, -5*a - 2*h - h = -18. What is the highest common divisor of 48 and a?
6
Suppose 2*d - 2*y + 0*y - 80 = 0, -212 = -5*d + 2*y. Suppose 3*p + 2*a = 11 + 1, 4*a = 4*p - 16. What is the greatest common divisor of d and p?
4
Suppose -19*u + 15*u = -72. What is the greatest common factor of 9 and u?
9
Suppose -5*